053
List the prime factors of 535824.
2, 3, 61
List the prime factors of 2569097.
1231, 2087
List the prime factors of 723377.
47, 15391
What are the prime factors of 13385147?
41, 326467
What are the prime factors of 827048?
2, 67, 1543
What are the prime factors of 1097546?
2, 503, 1091
List the prime factors of 1022412.
2, 3, 85201
What are the prime factors of 369689?
337, 1097
List the prime factors of 2391248.
2, 103, 1451
What are the prime factors of 16809324?
2, 3, 7, 97, 2063
List the prime factors of 3668290.
2, 5, 366829
List the prime factors of 6591357.
3, 732373
What are the prime factors of 279884?
2, 11, 6361
List the prime factors of 558610.
2, 5, 13, 4297
What are the prime factors of 421342?
2, 210671
List the prime factors of 15382.
2, 7691
What are the prime factors of 6734631?
3, 1123, 1999
What are the prime factors of 256806?
2, 3, 11, 1297
What are the prime factors of 670070?
2, 5, 37, 1811
What are the prime factors of 137453?
137453
What are the prime factors of 294323?
89, 3307
What are the prime factors of 7029494?
2, 3514747
What are the prime factors of 1032707?
13, 19, 37, 113
List the prime factors of 12105238.
2, 29, 113, 1847
What are the prime factors of 1349255?
5, 269851
What are the prime factors of 270063?
3, 37, 811
List the prime factors of 7415948.
2, 1853987
What are the prime factors of 1011210?
2, 3, 5, 37, 911
List the prime factors of 240671.
29, 43, 193
List the prime factors of 4929223.
13, 29167
List the prime factors of 575926.
2, 13, 17, 1303
What are the prime factors of 1290610?
2, 5, 129061
What are the prime factors of 313009?
313009
What are the prime factors of 1900960?
2, 5, 109
List the prime factors of 107808.
2, 3, 1123
List the prime factors of 9395170.
2, 5, 31, 30307
What are the prime factors of 256171?
113, 2267
What are the prime factors of 2908994?
2, 11, 23, 5749
List the prime factors of 27552.
2, 3, 7, 41
What are the prime factors of 3339695?
5, 59, 11321
What are the prime factors of 802102?
2, 7, 23, 47, 53
What are the prime factors of 2903964?
2, 3, 7, 181, 191
What are the prime factors of 76980?
2, 3, 5, 1283
What are the prime factors of 8116251?
3, 11, 13, 18919
What are the prime factors of 21255495?
3, 5, 1417033
List the prime factors of 212229.
3, 23581
List the prime factors of 2110574.
2, 269, 3923
List the prime factors of 393902.
2, 37, 5323
List the prime factors of 2420260.
2, 5, 121013
List the prime factors of 25769506.
2, 7, 1840679
List the prime factors of 1468328.
2, 29, 6329
What are the prime factors of 27629339?
31, 773, 1153
What are the prime factors of 1347002?
2, 61, 181
What are the prime factors of 1147182?
2, 3, 19, 29, 347
List the prime factors of 906584.
2, 7, 16189
List the prime factors of 1311204.
2, 3, 109267
List the prime factors of 57398.
2, 11, 2609
What are the prime factors of 2807475?
3, 5, 11, 41, 83
What are the prime factors of 798394?
2, 399197
List the prime factors of 133011.
3, 14779
What are the prime factors of 1118345?
5, 17, 59, 223
What are the prime factors of 30283?
11, 2753
What are the prime factors of 4697247?
3, 41, 38189
What are the prime factors of 13486683?
3, 7, 642223
List the prime factors of 62180.
2, 5, 3109
List the prime factors of 682259.
682259
What are the prime factors of 659378?
2, 439, 751
List the prime factors of 11663274.
2, 3, 7, 39671
What are the prime factors of 2728806?
2, 3, 17, 31, 863
List the prime factors of 11383338.
2, 3, 97, 19559
List the prime factors of 95788.
2, 7, 11, 311
What are the prime factors of 29193469?
683, 42743
What are the prime factors of 1473682?
2, 7, 105263
List the prime factors of 1309428.
2, 3, 36373
What are the prime factors of 1148528?
2, 23, 3121
What are the prime factors of 238466?
2, 119233
List the prime factors of 209451.
3, 11, 577
List the prime factors of 53811.
3, 1993
What are the prime factors of 5741210?
2, 5, 569, 1009
What are the prime factors of 3176975?
5, 127079
List the prime factors of 795657.
3, 337, 787
What are the prime factors of 326261?
13, 25097
What are the prime factors of 664210?
2, 5, 127, 523
List the prime factors of 111974.
2, 55987
List the prime factors of 347625.
3, 5, 103
What are the prime factors of 3068776?
2, 179, 2143
What are the prime factors of 205891?
7, 67, 439
List the prime factors of 163739.
73, 2243
List the prime factors of 425703.
3, 41, 3461
What are the prime factors of 37318?
2, 47, 397
What are the prime factors of 229672?
2, 19, 1511
What are the prime factors of 5009415?
3, 5, 521, 641
List the prime factors of 5953756.
2, 79, 83, 227
What are the prime factors of 121178?
2, 60589
List the prime factors of 2571497.
2571497
What are the prime factors of 3265405?
5, 11, 13, 4567
List the prime factors of 12440410.
2, 5, 1244041
List the prime factors of 178481.
178481
List the prime factors of 330394.
2, 233, 709
What are the prime factors of 110478?
2, 3, 18413
What are the prime factors of 1357070?
2, 5, 11, 13, 73
List the prime factors of 24576481.
19, 1293499
List the prime factors of 1912557.
3, 637519
List the prime factors of 19758585.
3, 5, 7, 11, 17107
What are the prime factors of 3854238?
2, 3, 642373
What are the prime factors of 3101547?
3, 43, 24043
What are the prime factors of 421975?
5, 16879
List the prime factors of 22940178.
2, 3, 79, 48397
What are the prime factors of 489624?
2, 3, 23, 887
List the prime factors of 9486152.
2, 13, 53, 1721
List the prime factors of 6708820.
2, 5, 89, 3769
List the prime factors of 2746535.
5, 11, 49937
What are the prime factors of 4106797?
179, 22943
What are the prime factors of 416965?
5, 89, 937
List the prime factors of 2642074.
2, 29, 45553
What are the prime factors of 8211211?
19, 131, 3299
List the prime factors of 12055651.
733, 16447
What are the prime factors of 14071503?
3, 227, 20663
List the prime factors of 1011080.
2, 5, 7, 23, 157
List the prime factors of 841277.
841277
List the prime factors of 432191.
17, 25423
What are the prime factors of 370980?
2, 3, 5, 229
What are the prime factors of 184863?
3, 7, 8803
List the prime factors of 6115635.
3, 5, 89, 509
List the prime factors of 1226853.
3, 45439
What are the prime factors of 47005?
5, 7, 17, 79
What are the prime factors of 74330?
2, 5, 7433
List the prime factors of 235076.
2, 17, 3457
List the prime factors of 148434.
2, 3, 11, 13, 173
What are the prime factors of 405185?
5, 11, 53, 139
List the prime factors of 214986.
2, 3, 35831
What are the prime factors of 1308980?
2, 5, 65449
What are the prime factors of 95541?
3, 31847
What are the prime factors of 361648?
2, 7, 3229
List the prime factors of 20762547.
3, 13, 532373
List the prime factors of 1689828.
2, 3, 7, 20117
What are the prime factors of 2538040?
2, 5, 107, 593
List the prime factors of 220388.
2, 7, 17, 463
What are the prime factors of 4869659?
4869659
What are the prime factors of 7718201?
7718201
What are the prime factors of 117141?
3, 39047
What are the prime factors of 17894512?
2, 947, 1181
What are the prime factors of 1292193?
3, 7, 43, 53
What are the prime factors of 405071?
405071
List the prime factors of 12259693.
19, 73, 8839
What are the prime factors of 428745?
3, 5, 101, 283
What are the prime factors of 256938?
2, 3, 11, 17, 229
List the prime factors of 1493579.
37, 1091
List the prime factors of 704755.
5, 59, 2389
What are the prime factors of 5344525?
5, 71, 3011
List the prime factors of 1976463.
3, 219607
List the prime factors of 610534.
2, 305267
List the prime factors of 10968923.
7, 277, 5657
What are the prime factors of 11203550?
2, 5, 224071
What are the prime factors of 2145582?
2, 3, 39733
List the prime factors of 71842.
2, 17, 2113
What are the prime factors of 436604?
2, 7, 31, 503
What are the prime factors of 888484?
2, 151, 1471
What are the prime factors of 475564?
2, 118891
What are the prime factors of 1287433?
7, 183919
List the prime factors of 63403.
19, 47, 71
List the prime factors of 11432870.
2, 5, 19, 3167
What are the prime factors of 91518?
2, 3, 7, 2179
List the prime factors of 2139039.
3, 7, 19, 1787
What are the prime factors of 2647276?
2, 31, 37, 577
List the prime factors of 8371580.
2, 5, 7, 59797
List the prime factors of